{"id":2,"date":"2020-01-21T18:21:31","date_gmt":"2020-01-21T18:21:31","guid":{"rendered":"http:\/\/blog.nicoleweiser.at\/?page_id=2"},"modified":"2020-06-08T12:27:26","modified_gmt":"2020-06-08T12:27:26","slug":"sample-page","status":"publish","type":"page","link":"https:\/\/blog.nicoleweiser.at\/?page_id=2","title":{"rendered":"Ich"},"content":{"rendered":"\n<h2 class=\"has-text-align-center\">Nicole Weiser <\/h2>\n\n\n<h3 style=\"text-align: center;\"><strong>K\u00fcnstlerin<\/strong><\/h3>\n\n\n<div class=\"wp-block-image\"><figure class=\"aligncenter size-medium\"><img loading=\"lazy\" width=\"265\" height=\"300\" src=\"https:\/\/blog.nicoleweiser.at\/wp-content\/uploads\/2020\/04\/Selbstportrait--265x300.jpg\" alt=\"\" class=\"wp-image-115\" srcset=\"https:\/\/blog.nicoleweiser.at\/wp-content\/uploads\/2020\/04\/Selbstportrait--265x300.jpg 265w, https:\/\/blog.nicoleweiser.at\/wp-content\/uploads\/2020\/04\/Selbstportrait--906x1024.jpg 906w, https:\/\/blog.nicoleweiser.at\/wp-content\/uploads\/2020\/04\/Selbstportrait--768x868.jpg 768w, https:\/\/blog.nicoleweiser.at\/wp-content\/uploads\/2020\/04\/Selbstportrait--1359x1536.jpg 1359w, https:\/\/blog.nicoleweiser.at\/wp-content\/uploads\/2020\/04\/Selbstportrait--1812x2048.jpg 1812w, https:\/\/blog.nicoleweiser.at\/wp-content\/uploads\/2020\/04\/Selbstportrait--1200x1356.jpg 1200w, https:\/\/blog.nicoleweiser.at\/wp-content\/uploads\/2020\/04\/Selbstportrait--1980x2238.jpg 1980w\" sizes=\"(max-width: 265px) 100vw, 265px\" \/><figcaption>Selbstportr\u00e4t, Farbstift auf Papier <\/figcaption><\/figure><\/div>\n\n\n\n<p>Meine Bilder sprechen zwar ohne weiteres f\u00fcr sich, aber ich setzte gerne auch Texte darunter. Einfach um meine Gedanken und Interpretationen mitzuteilen. F\u00fcr mich ist dies eine Art der Kommunikation mit dem Betrachter. Daher lese ich auch eure Kommentare. <\/p>\n\n\n\n<p>Viel Spa\u00df beim Schm\u00f6kern in meiner Kunst-Welt.<\/p>\n\n\n\n<p>N\u00e4here Infos findet ihr auf meiner Homepage www.nicoleweiser.at. <\/p>\n","protected":false},"excerpt":{"rendered":"<p>Nicole Weiser K\u00fcnstlerin Meine Bilder sprechen zwar ohne weiteres f\u00fcr sich, aber ich setzte gerne auch Texte darunter. Einfach um meine Gedanken und Interpretationen mitzuteilen. F\u00fcr mich ist dies eine Art der Kommunikation mit dem Betrachter. Daher lese ich auch eure Kommentare. Viel Spa\u00df beim Schm\u00f6kern in meiner Kunst-Welt. N\u00e4here Infos findet ihr auf meiner [&hellip;]<\/p>\n","protected":false},"author":1,"featured_media":0,"parent":0,"menu_order":0,"comment_status":"closed","ping_status":"open","template":"","meta":[],"_links":{"self":[{"href":"https:\/\/blog.nicoleweiser.at\/index.php?rest_route=\/wp\/v2\/pages\/2"}],"collection":[{"href":"https:\/\/blog.nicoleweiser.at\/index.php?rest_route=\/wp\/v2\/pages"}],"about":[{"href":"https:\/\/blog.nicoleweiser.at\/index.php?rest_route=\/wp\/v2\/types\/page"}],"author":[{"embeddable":true,"href":"https:\/\/blog.nicoleweiser.at\/index.php?rest_route=\/wp\/v2\/users\/1"}],"replies":[{"embeddable":true,"href":"https:\/\/blog.nicoleweiser.at\/index.php?rest_route=%2Fwp%2Fv2%2Fcomments&post=2"}],"version-history":[{"count":10,"href":"https:\/\/blog.nicoleweiser.at\/index.php?rest_route=\/wp\/v2\/pages\/2\/revisions"}],"predecessor-version":[{"id":367,"href":"https:\/\/blog.nicoleweiser.at\/index.php?rest_route=\/wp\/v2\/pages\/2\/revisions\/367"}],"wp:attachment":[{"href":"https:\/\/blog.nicoleweiser.at\/index.php?rest_route=%2Fwp%2Fv2%2Fmedia&parent=2"}],"curies":[{"name":"wp","href":"https:\/\/api.w.org\/{rel}","templated":true}]}}

<h2 class="has-text-align-center">Nicole Weiser </h2>


<h3 style="text-align: center;"><strong>Künstlerin</strong></h3>


<div class="wp-block-image"><figure class="aligncenter size-medium"><img loading="lazy" width="265" height="300" src="https://blog.nicoleweiser.at/wp-content/uploads/2020/04/Selbstportrait--265x300.jpg" alt="" class="wp-image-115" srcset="https://blog.nicoleweiser.at/wp-content/uploads/2020/04/Selbstportrait--265x300.jpg 265w, https://blog.nicoleweiser.at/wp-content/uploads/2020/04/Selbstportrait--906x1024.jpg 906w, https://blog.nicoleweiser.at/wp-content/uploads/2020/04/Selbstportrait--768x868.jpg 768w, https://blog.nicoleweiser.at/wp-content/uploads/2020/04/Selbstportrait--1359x1536.jpg 1359w, https://blog.nicoleweiser.at/wp-content/uploads/2020/04/Selbstportrait--1812x2048.jpg 1812w, https://blog.nicoleweiser.at/wp-content/uploads/2020/04/Selbstportrait--1200x1356.jpg 1200w, https://blog.nicoleweiser.at/wp-content/uploads/2020/04/Selbstportrait--1980x2238.jpg 1980w" sizes="(max-width: 265px) 100vw, 265px" /><figcaption>Selbstporträt, Farbstift auf Papier </figcaption></figure></div>



<p>Meine Bilder sprechen zwar ohne weiteres für sich, aber ich setzte gerne auch Texte darunter. Einfach um meine Gedanken und Interpretationen mitzuteilen. Für mich ist dies eine Art der Kommunikation mit dem Betrachter. Daher lese ich auch eure Kommentare. </p>



<p>Viel Spaß beim Schmökern in meiner Kunst-Welt.</p>



<p>Nähere Infos findet ihr auf meiner Homepage www.nicoleweiser.at. </p>

<p>Nicole Weiser Künstlerin Meine Bilder sprechen zwar ohne weiteres für sich, aber ich setzte gerne auch Texte darunter. Einfach um meine Gedanken und Interpretationen mitzuteilen. Für mich ist dies eine Art der Kommunikation mit dem Betrachter. Daher lese ich auch eure Kommentare. Viel Spaß beim Schmökern in meiner Kunst-Welt. Nähere Infos findet ihr auf meiner [&hellip;]</p>
